e remainder when 18346 is divided by 50?
46
What is the remainder when 103 is divided by 15?
13
Calculate the remainder when 1586 is divided by 43.
38
What is the remainder when 131 is divided by 53?
25
What is the remainder when 63 is divided by 11?
8
What is the remainder when 87 is divided by 32?
23
Calculate the remainder when 195 is divided by 11.
8
Calculate the remainder when 2462 is divided by 92.
70
Calculate the remainder when 23 is divided by 9.
5
Calculate the remainder when 1941 is divided by 160.
21
Calculate the remainder when 134 is divided by 11.
2
Calculate the remainder when 371 is divided by 38.
29
What is the remainder when 5574 is divided by 25?
24
What is the remainder when 4749 is divided by 396?
393
Calculate the remainder when 303 is divided by 293.
10
What is the remainder when 3275 is divided by 7?
6
What is the remainder when 1152 is divided by 35?
32
Calculate the remainder when 1869 is divided by 611.
36
What is the remainder when 202 is divided by 100?
2
What is the remainder when 29 is divided by 6?
5
What is the remainder when 704 is divided by 141?
140
What is the remainder when 81 is divided by 17?
13
Calculate the remainder when 257 is divided by 20.
17
Calculate the remainder when 418 is divided by 47.
42
What is the remainder when 19322 is divided by 3863?
7
Calculate the remainder when 270 is divided by 104.
62
Calculate the remainder when 344 is divided by 138.
68
Calculate the remainder when 43 is divided by 20.
3
What is the remainder when 298 is divided by 20?
18
What is the remainder when 2988 is divided by 42?
6
What is the remainder when 759 is divided by 40?
39
Calculate the remainder when 54698 is divided by 19.
16
What is the remainder when 67 is divided by 8?
3
Calculate the remainder when 2009 is divided by 36.
29
Calculate the remainder when 868 is divided by 10.
8
Calculate the remainder when 1953 is divided by 22.
17
What is the remainder when 313 is divided by 54?
43
Calculate the remainder when 80 is divided by 27.
26
What is the remainder when 149 is divided by 14?
9
Calculate the remainder when 239 is divided by 10.
9
Calculate the remainder when 99 is divided by 85.
14
Calculate the remainder when 63 is divided by 15.
3
What is the remainder when 143 is divided by 26?
13
Calculate the remainder when 6655 is divided by 52.
51
Calculate the remainder when 42 is divided by 10.
2
Calculate the remainder when 129 is divided by 23.
14
What is the remainder when 231 is divided by 218?
13
Calculate the remainder when 68243 is divided by 188.
187
Calculate the remainder when 1724 is divided by 246.
2
What is the remainder when 521 is divided by 38?
27
What is the remainder when 196 is divided by 73?
50
Calculate the remainder when 2086 is divided by 9.
7
What is the remainder when 2046 is divided by 27?
21
Calculate the remainder when 467 is divided by 118.
113
What is the remainder when 1448 is divided by 361?
4
What is the remainder when 84 is divided by 30?
24
Calculate the remainder when 100 is divided by 13.
9
What is the remainder when 410 is divided by 9?
5
What is the remainder when 58 is divided by 12?
10
Calculate the remainder when 77 is divided by 26.
25
What is the remainder when 2851 is divided by 124?
123
What is the remainder when 18 is divided by 16?
2
What is the remainder when 335 is divided by 10?
5
Calculate the remainder when 831 is divided by 16.
15
What is the remainder when 317 is divided by 40?
37
What is the remainder when 1484 is divided by 24?
20
Calculate the remainder when 303 is divided by 30.
3
Calculate the remainder when 1070 is divided by 16.
14
What is the remainder when 289 is divided by 163?
126
What is the remainder when 6261 is divided by 29?
26
Calculate the remainder when 628 is divided by 37.
36
What is the remainder when 16377 is divided by 252?
249
Calculate the remainder when 134 is divided by 70.
64
What is the remainder when 8841 is divided by 134?
131
What is the remainder when 69 is divided by 18?
15
Calculate the remainder when 1392 is divided by 462.
6
Calculate the remainder when 6366 is divided by 16.
14
What is the remainder when 9453 is divided by 24?
21
What is the remainder when 340 is divided by 96?
52
Calculate the remainder when 466 is divided by 87.
31
Calculate the remainder when 1653 is divided by 24.
21
Calculate the remainder when 1191 is divided by 109.
101
Calculate the remainder when 267 is divided by 71.
54
Calculate the remainder when 497 is divided by 56.
49
What is the remainder when 155 is divided by 20?
15
Calculate the remainder when 477 is divided by 61.
50
What is the remainder when 237 is divided by 16?
13
What is the remainder when 115 is divided by 15?
10
Calculate the remainder when 81 is divided by 14.
11
Calculate the remainder when 351 is divided by 22.
21
What is the remainder when 20218 is divided by 277?
274
What is the remainder when 1187 is divided by 6?
5
Calculate the remainder when 9508 is divided by 10.
8
Calculate the remainder when 1570 is divided by 389.
14
Calculate the remainder when 261 is divided by 50.
11
Calculate the remainder when 2924 is divided by 61.
57
Calculate the remainder when 506 is divided by 50.
6
Calculate the remainder when 298 is divided by 75.
73
Calculate the remainder when 3350 is divided by 134.
0
Calculate the remainder when 221 is divided by 33.
23
What is the remainder when 728 is divided by 236?
20
What is the remainder when 1418 is divided by 29?
26
What is the remainder when 18 is divided by 7?
4
What is the remainder when 2521 is divided by 87?
85
What is the remainder when 510 is divided by 73?
72
What is the remainder when 1459 is divided by 66?
7
What is the remainder when 7358 is divided by 45?
23
What is the remainder when 7777 is divided by 9?
1
Calculate the remainder when 1141 is divided by 77.
63
Calculate the remainder when 885 is divided by 144.
21
What is the remainder when 912 is divided by 54?
48
Calculate the remainder when 134 is divided by 18.
8
What is the remainder when 412 is divided by 18?
16
What is the remainder when 1888 is divided by 43?
39
What is the remainder when 646 is divided by 74?
54
What is the remainder when 5757 is divided by 30?
27
What is the remainder when 205 is divided by 154?
51
Calculate the remainder when 13633 is divided by 14.
11
What is the remainder when 214 is divided by 39?
19
Calculate the remainder when 2338 is divided by 259.
7
What is the remainder when 6288 is divided by 190?
18
What is the remainder when 3737 is divided by 15?
2
Calculate the remainder when 1028 is divided by 207.
200
What is the remainder when 255 is divided by 6?
3
What is the remainder when 11088 is divided by 3694?
6
What is the remainder when 1032 is divided by 132?
108
Calculate the remainder when 1129 is divided by 63.
58
Calculate the remainder when 434 is divided by 87.
86
What is the remainder when 44 is divided by 17?
10
What is the remainder when 3246 is divided by 93?
84
What is the remainder when 3026 is divided by 30?
26
Calculate the remainder when 22677 is divided by 216.
213
Calculate the remainder when 119 is divided by 14.
7
What is the remainder when 280 is divided by 179?
101
What is the remainder when 290 is divided by 7?
3
What is the remainder when 552 is divided by 22?
2
Calculate the remainder when 2132 is divided by 36.
8
Calculate the remainder when 1438 is divided by 206.
202
Calculate the remainder when 436 is divided by 34.
28
Calculate the remainder when 72 is divided by 32.
8
Calculate the remainder when 851 is divided by 421.
9
Calculate the remainder when 795 is divided by 187.
47
Calculate the remainder when 469 is divided by 40.
29
Calculate the remainder when 2320 is divided by 179.
172
What is the remainder when 1197 is divided by 10?
7
Calculate the remainder when 599 is divided by 583.
16
What is the remainder when 149 is divided by 77?
72
Calculate the remainder when 90 is divided by 26.
12
Calculate the remainder when 155 is divided by 12.
11
Calculate the remainder when 55 is divided by 32.
23
Calculate the remainder when 724 is divided by 167.
56
Calculate the remainder when 540 is divided by 32.
28
Calculate the remainder when 1025 is divided by 57.
56
What is the remainder when 513 is divide